{"id":827,"date":"2020-03-01T15:29:07","date_gmt":"2020-03-01T14:29:07","guid":{"rendered":"http:\/\/fomentculturacornella.cat\/?page_id=827"},"modified":"2022-05-14T20:19:44","modified_gmt":"2022-05-14T18:19:44","slug":"25-aniversari-de-foment","status":"publish","type":"page","link":"https:\/\/fomentculturacornella.cat\/index.php\/25-aniversari-de-foment\/","title":{"rendered":"25 Aniversari de Foment"},"content":{"rendered":"\n<p>Al 2020 Foment de Cultura Popular de Cornell\u00e0 va fer 25 anys.<\/p>\n\n\n\n<figure class=\"wp-block-image is-resized\"><img decoding=\"async\" loading=\"lazy\" src=\"https:\/\/i0.wp.com\/ilusionesconglobos.com\/3643-thickbox_default\/felic-aniversari-11-surtido-tropical-25-unid.jpg?resize=178%2C220&#038;ssl=1\" alt=\"https:\/\/i0.wp.com\/ilusionesconglobos.com\/3643-thickbox_default\/felic-aniversari-11-surtido-tropical-25-unid.jpg?resize=178%2C220&#038;ssl=1\" width=\"178\" height=\"220\" data-recalc-dims=\"1\" \/><\/figure>\n\n\n\n<p><\/p>\n\n\n\n<p>Malauradament el 2020 no va anar com ens esper\u00e0vem, potser al 2025 podrem celebrar el 30\u00e8 aniversari!<\/p>\n\n\n\n<p>Ens veiem als carrers, sempre de festa!<\/p>\n","protected":false},"excerpt":{"rendered":"<p>Al 2020 Foment de Cultura Popular de Cornell\u00e0 va fer 25 anys. Malauradament el 2020 no va anar com ens esper\u00e0vem, potser al 2025 podrem celebrar el 30\u00e8 aniversari! Ens veiem als carrers, sempre de festa!<\/p>\n","protected":false},"author":1,"featured_media":0,"parent":0,"menu_order":0,"comment_status":"closed","ping_status":"closed","template":"","meta":{"jetpack_post_was_ever_published":false},"jetpack_sharing_enabled":true,"jetpack_shortlink":"https:\/\/wp.me\/P7uPvF-dl","jetpack-related-posts":[{"id":249,"url":"https:\/\/fomentculturacornella.cat\/index.php\/diablets-de-cua\/","url_meta":{"origin":827,"position":0},"title":"Diablets de Cua","date":"28 de maig de 2017","format":false,"excerpt":"El 27 de maig van ser presentats a la ciutat de Cornell\u00e0 els Diablets de Cua, la colla de diables i diablesses infantil de Cua de Drac (Foment de Cultura Popular de Cornell\u00e0). Van ser apadrinats per la Companyia General del Foc de Gav\u00e0 i com a colles infantils convidades\u2026","rel":"","context":"Similar post","img":{"alt_text":"","src":"","width":0,"height":0},"classes":[]},{"id":6,"url":"https:\/\/fomentculturacornella.cat\/","url_meta":{"origin":827,"position":1},"title":"\u00a0\u00a0 Aquesta entitat va ser\u2026","date":"21 de mar\u00e7 de 2016","format":false,"excerpt":"\u00a0\u00a0 Aquesta entitat va ser fundada al 1995 per Francesc Ferm\u00edn, qui va fer una aposta per la cultura popular a la nostra ciutat. Va tenir la valentia de fer-se c\u00e0rrec dels gegants de la ciutat, tot un repte, i tamb\u00e9 va encarregar la construcci\u00f3 dels cinc dracs que a\u2026","rel":"","context":"Similar post","img":{"alt_text":"","src":"https:\/\/i0.wp.com\/fomentculturacornella.cat\/wp-content\/uploads\/2016\/03\/DSCN1133-300x225.jpg?resize=350%2C200","width":350,"height":200},"classes":[]},{"id":14,"url":"https:\/\/fomentculturacornella.cat\/index.php\/entitat-cultural-de-cornella-de-llobregat\/geganters-de-cornella\/","url_meta":{"origin":827,"position":2},"title":"Geganters de Cornell\u00e0","date":"22 de mar\u00e7 de 2016","format":false,"excerpt":"A la ciutat de Cornell\u00e0 tenim quatre gegants. El dos m\u00e9s antics, el Corneli i la Miranda, van ser adquirits per l\u2019ajuntament al 1953 i batejats al 1991. Han estat restaurats al 2018 i estan exposats a la Biblioteca Marta Mata (Titan). Els m\u00e9s nous, el Cornelius i la Fontsanta,\u2026","rel":"","context":"Similar post","img":{"alt_text":"","src":"https:\/\/i0.wp.com\/fomentculturacornella.cat\/wp-content\/uploads\/2018\/02\/104-0455_IMG-2.jpg?resize=350%2C200","width":350,"height":200},"classes":[]},{"id":29,"url":"https:\/\/fomentculturacornella.cat\/index.php\/dracs-i-diables-de-cua\/","url_meta":{"origin":827,"position":3},"title":"Dracs i Diables de Cua","date":"22 de mar\u00e7 de 2016","format":false,"excerpt":"Amb la secci\u00f3 de Dracs va comen\u00e7ar tot. Aquests cinc dracs van ser els primers en cremar a la nostra colla. Semblen iguals, per\u00f2 hi ha petits matissos que els fan \u00fanics. Si us fixeu b\u00e9 trobareu les difer\u00e8ncies. Van ser creats pel Taller Sarandaca. \u00a0 La nostra secci\u00f3 de\u2026","rel":"","context":"Similar post","img":{"alt_text":"dracs","src":"https:\/\/i0.wp.com\/fomentculturacornella.cat\/wp-content\/uploads\/2016\/03\/dracs.jpg?resize=350%2C200","width":350,"height":200},"classes":[]},{"id":33,"url":"https:\/\/fomentculturacornella.cat\/index.php\/drac-daigua\/","url_meta":{"origin":827,"position":4},"title":"Drac D&#8217;Aigua","date":"22 de mar\u00e7 de 2016","format":false,"excerpt":"El nostre Drac D'aigua es torna protagonista amb el bon temps. Referesca qualsevol festa o cercavila amb els seus sortidors d'aigua i la seva mobilitat. Va acompanyat dels nostres diables i diablesses aiguadors, que s\u00f3n molt entremaliats\/es i els\/les agrada mullar a tothom.","rel":"","context":"Similar post","img":{"alt_text":"","src":"","width":0,"height":0},"classes":[]}],"_links":{"self":[{"href":"https:\/\/fomentculturacornella.cat\/index.php\/wp-json\/wp\/v2\/pages\/827"}],"collection":[{"href":"https:\/\/fomentculturacornella.cat\/index.php\/wp-json\/wp\/v2\/pages"}],"about":[{"href":"https:\/\/fomentculturacornella.cat\/index.php\/wp-json\/wp\/v2\/types\/page"}],"author":[{"embeddable":true,"href":"https:\/\/fomentculturacornella.cat\/index.php\/wp-json\/wp\/v2\/users\/1"}],"replies":[{"embeddable":true,"href":"https:\/\/fomentculturacornella.cat\/index.php\/wp-json\/wp\/v2\/comments?post=827"}],"version-history":[{"count":4,"href":"https:\/\/fomentculturacornella.cat\/index.php\/wp-json\/wp\/v2\/pages\/827\/revisions"}],"predecessor-version":[{"id":926,"href":"https:\/\/fomentculturacornella.cat\/index.php\/wp-json\/wp\/v2\/pages\/827\/revisions\/926"}],"wp:attachment":[{"href":"https:\/\/fomentculturacornella.cat\/index.php\/wp-json\/wp\/v2\/media?parent=827"}],"curies":[{"name":"wp","href":"https:\/\/api.w.org\/{rel}","templated":true}]}}

<p>Al 2020 Foment de Cultura Popular de Cornellà va fer 25 anys.</p>



<figure class="wp-block-image is-resized"><img decoding="async" loading="lazy" src="https://i0.wp.com/ilusionesconglobos.com/3643-thickbox_default/felic-aniversari-11-surtido-tropical-25-unid.jpg?resize=178%2C220&#038;ssl=1" alt="https://i0.wp.com/ilusionesconglobos.com/3643-thickbox_default/felic-aniversari-11-surtido-tropical-25-unid.jpg?resize=178%2C220&#038;ssl=1" width="178" height="220" data-recalc-dims="1" /></figure>



<p></p>



<p>Malauradament el 2020 no va anar com ens esperàvem, potser al 2025 podrem celebrar el 30è aniversari!</p>



<p>Ens veiem als carrers, sempre de festa!</p>

<p>Al 2020 Foment de Cultura Popular de Cornellà va fer 25 anys. Malauradament el 2020 no va anar com ens esperàvem, potser al 2025 podrem celebrar el 30è aniversari! Ens veiem als carrers, sempre de festa!</p>

El 27 de maig van ser presentats a la ciutat de Cornellà els Diablets de Cua, la colla de diables i diablesses infantil de Cua de Drac (Foment de Cultura Popular de Cornellà). Van ser apadrinats per la Companyia General del Foc de Gavà i com a colles infantils convidades…

21 de març de 2016

Aquesta entitat va ser fundada al 1995 per Francesc Fermín, qui va fer una aposta per la cultura popular a la nostra ciutat. Va tenir la valentia de fer-se càrrec dels gegants de la ciutat, tot un repte, i també va encarregar la construcció dels cinc dracs que a…

Geganters de Cornellà

22 de març de 2016

A la ciutat de Cornellà tenim quatre gegants. El dos més antics, el Corneli i la Miranda, van ser adquirits per l’ajuntament al 1953 i batejats al 1991. Han estat restaurats al 2018 i estan exposats a la Biblioteca Marta Mata (Titan). Els més nous, el Cornelius i la Fontsanta,…

Amb la secció de Dracs va començar tot. Aquests cinc dracs van ser els primers en cremar a la nostra colla. Semblen iguals, però hi ha petits matissos que els fan únics. Si us fixeu bé trobareu les diferències. Van ser creats pel Taller Sarandaca.   La nostra secció de…

El nostre Drac D'aigua es torna protagonista amb el bon temps. Referesca qualsevol festa o cercavila amb els seus sortidors d'aigua i la seva mobilitat. Va acompanyat dels nostres diables i diablesses aiguadors, que són molt entremaliats/es i els/les agrada mullar a tothom.
